is -13030 - -110?
-12520
In base 15, what is 51054 + 1?
51055
In base 3, what is 11 + 12022102100?
12022102111
In base 15, what is 444 + -7c?
3b7
In base 14, what is -4 + 4a72b?
4a727
In base 16, what is e - -303?
311
In base 8, what is 16230 + -6?
16222
In base 14, what is -1 - ca88?
-ca89
In base 15, what is -60c - 37?
-644
In base 10, what is 61755 + 0?
61755
In base 11, what is -51 + 2562?
2511
In base 7, what is 12422 + -133?
12256
In base 9, what is -5328 - -6?
-5322
In base 10, what is -11 - 72703?
-72714
In base 8, what is -437 - -123?
-314
In base 10, what is -5479 + -2?
-5481
In base 15, what is -1991 - 8?
-1999
In base 6, what is -44 - 2250?
-2334
In base 8, what is 374 + -560?
-164
In base 6, what is 2052252 + 35?
2052331
In base 15, what is -504 + a?
-4e9
In base 2, what is 10 - -1010000001100?
1010000001110
In base 7, what is 643431 + -11?
643420
In base 3, what is -2001201 - -112120?
-1112011
In base 4, what is 3310 - 1001023?
-331113
In base 3, what is -22211021112 + -1?
-22211021120
In base 2, what is 11001101100110100 - 1?
11001101100110011
In base 8, what is 777 - 26?
751
In base 8, what is -166 + 3503?
3315
In base 6, what is 5 + 12052300?
12052305
In base 2, what is 11001111010011010 + -10?
11001111010011000
In base 14, what is 113 + 839?
94c
In base 6, what is -100554 + -4?
-101002
In base 11, what is 3a9 + 57?
455
In base 3, what is -10121122 - -1001?
-10120121
In base 16, what is 50c + 2c?
538
In base 9, what is -32443 + -1?
-32444
In base 8, what is -16 + -4315?
-4333
In base 15, what is 4ebd + -4?
4eb9
In base 7, what is -10 - 165104?
-165114
In base 10, what is -10 + 49293?
49283
In base 11, what is 13 + 1067?
107a
In base 7, what is -241 + 154?
-54
In base 5, what is 121233 - -12?
121300
In base 15, what is -18 - -180?
167
In base 2, what is 10101100 + 101111010001?
110001111101
In base 12, what is 847402 - 5?
8473b9
In base 6, what is 4 + 410321?
410325
In base 2, what is 11 - 10000000011111000100?
-10000000011111000001
In base 7, what is -1430 - -26?
-1401
In base 2, what is -111 - -111110001010101?
111110001001110
In base 13, what is -324b46 - 3?
-324b49
In base 5, what is 230213 - 1231?
223432
In base 5, what is 10 + -20002123?
-20002113
In base 14, what is 51db - -1?
51dc
In base 16, what is -7a - 51e7?
-5261
In base 12, what is 8 + -2215?
-2209
In base 12, what is -57944 + 1?
-57943
In base 11, what is -418 + 245?
-183
In base 16, what is -10d7 - 0?
-10d7
In base 14, what is 2a - -a581?
a5ab
In base 11, what is 22443 - 0?
22443
In base 9, what is -260847 - 6?
-260854
In base 13, what is -5 + -618a?
-6192
In base 10, what is 2026 + 1?
2027
In base 7, what is -154 + -1614?
-2101
In base 3, what is 211111 - -20022?
1001210
In base 4, what is 112 + 2231?
3003
In base 4, what is -223013 - 1222?
-230301
In base 6, what is 1 + 1151504?
1151505
In base 2, what is -100010111111111 - 1100000?
-100011001011111
In base 2, what is 10 + 100011001010011111?
100011001010100001
In base 7, what is 3040223 - 0?
3040223
In base 5, what is -3 - -12144202?
12144144
In base 8, what is -201 - 1367?
-1570
In base 5, what is -1011412423 - -10?
-1011412413
In base 7, what is -1 + 321022?
321021
In base 14, what is -4679 - 23?
-469c
In base 11, what is a1 - 1a8?
-107
In base 6, what is -453 - 1105?
-2002
In base 3, what is -120222202 - 20210?
-121020112
In base 10, what is -74862 - -3?
-74859
In base 4, what is 103 - 203330?
-203221
In base 11, what is 11 - -73438?
73449
In base 3, what is -10201 - -2122011?
2111110
In base 13, what is -1 - 149b75?
-149b76
In base 11, what is -3 - 31322?
-31325
In base 13, what is 225 - -145?
36a
In base 9, what is -8258 + -5?
-8264
In base 5, what is 4 + 22324044?
22324103
In base 16, what is -4 - 3497?
-349b
In base 10, what is -287 - 46?
-333
In base 7, what is -4 - 142220?
-142224
In base 2, what is -110010 - -100010101101?
100001111011
In base 7, what is -11 + -126566?
-126610
In base 8, what is -2100414 + 4?
-2100410
In base 10, what is -2674 - -4?
-2670
In base 2, what is -10010001000000100 - 101?
-10010001000001001
In base 7, what is 3042 - 2511?
231
In base 11, what is -230 - 26?
-256
In base 7, what is 30 - 141114?
-141054
In base 5, what is -14321 + -240?
-20111
In base 7, what is 1262 + 1332?
2624
In base 5, what is 140 - -11204?
11344
In base 4, what is -20202 - -32?
-20110
In base 10, what is 642827 + 2?
642829
In base 3, what is -10201111212110 + -2?
-10201111212112
In base 2, what is 1111111111 + -1001010?
1110110101
In base 15, what is 4 - 1aaa?
-1aa6
In base 6, what is -141 + 152415?
152234
In base 10, what is 30901 - 6?
30895
In base 2, what is -100000010110111 - -11?
-100000010110100
In base 3, what is 20202111 - 1?
20202110
In base 5, what is -113344 + 31?
-113313
In base 16, what is a - -a08?
a12
In base 6, what is -311 - 2005?
-2320
In base 8, what is 11 - -1044?
1055
In base 4, what is -103220031 + 11?
-103220020
In base 14, what is 2864 + -119?
2749
In base 3, what is -1 + 12021111?
12021110
In base 6, what is 0 + -1131210?
-1131210
In base 3, what is 121 - -102111010001?
102111010122
In base 13, what is 22b + -22?
209
In base 16, what is c7624 + -1?
c7623
In base 7, what is -233260 - 121?
-233411
In base 8, what is -5 + -20376?
-20403
In base 14, what is 595 - 42c?
167
In base 14, what is 25441 + 19?
2545a
In base 8, what is -127 - -13567?
13440
In base 2, what is -1111110 + -110000100100?
-110010100010
In base 4, what is 130003 + -212?
123131
In base 13, what is -2 - -c629?
c627
In base 3, what is -102 + -11211212?
-11212021
In base 7, what is -5 + -603?
-611
In base 2, what is 1110111111 + -1001010001?
101101110
In base 8, what is 14213 - 325?
13666
In base 7, what is 24066 - -314?
24413
In base 13, what is 1327b7 - 5?
1327b2
In base 12, what is -399b7 + 11?
-399a6
In base 4, what is 13211303113 + -2?
13211303111
In base 4, what is -101 + 1130112?
1130011
In base 7, what is -1462 - -242?
-1220
In base 9, what is -40010 + 4?
-40005
In base 11, what is 431 - -157?
588
In base 6, what is -112 - -442330?
442214
In base 5, what is -1 + -1332004?
-1332010
In base 2, what is 1 + 1101011100100100100?
1101011100100100101
In base 12, what is -b4 - a5b?
-b53
In base 15, what is 9bb0 - d?
9ba2
In base 8, what is -242717 + 1?
-242716
In base 10, what is -409149 + 0?
-409149
In base 11, what is 10 + -638?
-628
In base 9, what is 77234 - -4?
77238
In base 9, what is 5 - -23070?
23075
In base 10, what is -577 + 296?
-281
In base 5, what is 130044242 - -4?
130044301
In base 14, what is b9 + 198?
273
In base 11, what is 2 + 27a333?
27a335
In base 7, what is 235126 + 4?
235133
In base 3, what is 2002012 - -202210?
2211222
In base 12, what is 35 + -8b1?
-878
In base 8, what is 442 + 131?
573
In base 5, what is 20241231 - 4?
20241222
In base 6, what is -30022 + 213?
-25405
In base 11, what is 222 + 434?
656
In base 4, what is 302230 + 331?
303221
In base 16, what is 5da - -45?
61f
In base 6, what is 40 + -104?
-24
In base 15, what is 102c6a + -2?
102c68
In base 5, what is -21 - 1310344?
-1310420
In base 6, what is 3231444 - -4?
3231452
In base 14, what is 28cc72 + -3?
28cc6d
In base 14, what is -a7a - 3?
-a7d
In base 15, what is 92 - 2110?
-206d
In base 8, what is 1 + 301200?
301201
In base 3, what is -1201022 + 100?
-1200222
In base 7, what is 310 + -1223?
-613
In base 15, what is b96 - 64e?
547
In base 9, what is 67236 + 16?
67253
In base 5, what is 10 - -1032200?
1032210
In base 6, what is 5 + 1234524?
1234533
In base 2, what is -111100111111110110 + -11?
-111100111111111001
In base 15, what is -da1 + -17d?
-102e
In base 5, what is -11010 + 2344?
-3111
In base 11, what is 1a9 - -1548?
1746
In base 15, what is -690 - 39?
-6c9
In base 9, what is 22 - -338?
361
In base 4, what is 31003 + -2330?
22013
In base 6, what is -54 - 14313?
-14411
In base 4, what is -2 - -2111313?
2111311
In base 4, what is -11212 - -1203?
-10003
In base 12, what is -86 - -32b?
265
In base 8, what is -352 + 1743?
1371
In base 4, what is 221 - 101310300?
-101310013
In base 7, what is -51 - -11424?
11343
In base 15, what is 2 - -b3a?
b3c
In base 12, what is -3a673 - -5?
-3a66a
In base 10, what is 1764 + 42?
1806
In base 10, what is 177 - 1046?
-869
In base 9, what is 617831 + -17?
617813
In base 4, what is -113023313 - 